{"id":737,"date":"2023-12-31T11:11:57","date_gmt":"2023-12-31T10:11:57","guid":{"rendered":"https:\/\/www.boxyllo.be\/?page_id=737"},"modified":"2024-07-11T09:00:27","modified_gmt":"2024-07-11T07:00:27","slug":"professionnels","status":"publish","type":"page","link":"https:\/\/www.boxyllo.be\/index.php\/professionnels\/","title":{"rendered":"Professionnels"},"content":{"rendered":"\t\t<div data-elementor-type=\"wp-page\" data-elementor-id=\"737\" class=\"elementor elementor-737\" data-elementor-post-type=\"page\">\n\t\t\t\t<div class=\"elementor-element elementor-element-9c93491 e-flex e-con-boxed e-con e-parent\" data-id=\"9c93491\" data-element_type=\"container\" data-e-type=\"container\" data-settings=\"{&quot;background_background&quot;:&quot;gradient&quot;}\">\n\t\t\t\t\t<div class=\"e-con-inner\">\n\t\t<div class=\"elementor-element elementor-element-68d7427 e-con-full e-flex e-con e-child\" data-id=\"68d7427\" data-element_type=\"container\" data-e-type=\"container\">\n\t\t<div class=\"elementor-element elementor-element-a2e466a e-con-full e-flex e-con e-child\" data-id=\"a2e466a\" data-element_type=\"container\" data-e-type=\"container\" data-settings=\"{&quot;background_background&quot;:&quot;classic&quot;}\">\n\t\t\t\t<div class=\"elementor-element elementor-element-f49d807 elementor-widget elementor-widget-text-editor\" data-id=\"f49d807\" data-element_type=\"widget\" data-e-type=\"widget\" data-widget_type=\"text-editor.default\">\n\t\t\t\t<div class=\"elementor-widget-container\">\n\t\t\t\t\t\t\t\t\t<h1>Boxyllo\u00ae<br \/>Pour les professionnels de la sant\u00e9<\/h1>\t\t\t\t\t\t\t\t<\/div>\n\t\t\t\t<\/div>\n\t\t\t\t<\/div>\n\t\t\t\t<\/div>\n\t\t\t\t\t<\/div>\n\t\t\t\t<\/div>\n\t\t<div class=\"elementor-element elementor-element-e817b2d e-flex e-con-boxed e-con e-parent\" data-id=\"e817b2d\" data-element_type=\"container\" data-e-type=\"container\">\n\t\t\t\t\t<div class=\"e-con-inner\">\n\t\t<div class=\"elementor-element elementor-element-f85465f e-con-full e-flex e-con e-child\" data-id=\"f85465f\" data-element_type=\"container\" data-e-type=\"container\">\n\t\t\t\t<div class=\"elementor-element elementor-element-22f429f elementor-widget elementor-widget-text-editor\" data-id=\"22f429f\" data-element_type=\"widget\" data-e-type=\"widget\" data-widget_type=\"text-editor.default\">\n\t\t\t\t<div class=\"elementor-widget-container\">\n\t\t\t\t\t\t\t\t\t<p>Quels probl\u00e8mes ciblons-nous ?<\/p>\t\t\t\t\t\t\t\t<\/div>\n\t\t\t\t<\/div>\n\t\t\t\t<\/div>\n\t\t<div class=\"elementor-element elementor-element-658558e e-con-full e-flex e-con e-child\" data-id=\"658558e\" data-element_type=\"container\" data-e-type=\"container\">\n\t\t\t\t<div class=\"elementor-element elementor-element-a75e84a elementor-widget elementor-widget-text-editor\" data-id=\"a75e84a\" data-element_type=\"widget\" data-e-type=\"widget\" data-widget_type=\"text-editor.default\">\n\t\t\t\t<div class=\"elementor-widget-container\">\n\t\t\t\t\t\t\t\t\t<\/br>Lors de vos consultations, les patients se plaignent de douleurs dentaires, oculaires, de c\u00e9phal\u00e9es, de tensions, de claquements au niveau de la m\u00e2choire\u2026\nLes douleurs sont rarement identifi\u00e9es comme provenant de l\u2019articulation temporo-mandibulaire (ATM).\nLes patients sont g\u00e9n\u00e9ralement nerveux, \u00e9puis\u00e9s par la douleur et ils cherchent une solution simple et facilement utilisable dans leur vie quotidienne. Ils doivent \u00eatre pris en charge par un(e) kin\u00e9sith\u00e9rapeute sp\u00e9cialis\u00e9(e) en maxillo-faciale.\nEn compl\u00e9ment de traitement, le Boxyllo permet d\u2019apaiser des pathologies sur le long terme.<\/br><\/br>\t\t\t\t\t\t\t\t<\/div>\n\t\t\t\t<\/div>\n\t\t\t\t<div class=\"elementor-element elementor-element-7321b62 elementor-widget elementor-widget-text-editor\" data-id=\"7321b62\" data-element_type=\"widget\" data-e-type=\"widget\" data-widget_type=\"text-editor.default\">\n\t\t\t\t<div class=\"elementor-widget-container\">\n\t\t\t\t\t\t\t\t\t<p>La luxation m\u00e9niscale r\u00e9ductible ou irr\u00e9ductible est une pathologie tr\u00e8s r\u00e9pandue qui peut \u00eatre douloureuse.<br \/>Les luxations ne se gu\u00e9rissent pas \u00e0 proprement parler mais elles se soulagent en diminuant les douleurs des muscles masticateurs ainsi qu\u2019en diminuant les pressions intra-capsulaires.<br \/>Pour r\u00e9\u00e9duquer et soulager le cercle vicieux de cette pathologie, il faut d\u2019abord une prise de conscience du bruxisme r\u00e9p\u00e9t\u00e9 et contr\u00f4l\u00e9 ainsi qu\u2019une diminution des gestes parasites et nerveux.<br \/>Les s\u00e9ances de kin\u00e9sith\u00e9rapie sont l\u00e0 pour tenter de r\u00e9duire la pression effectu\u00e9e sur le m\u00e9nisque ou disque ou encore sur le ligament de ce disque.<\/p><p>Une luxation m\u00e9niscale provoque une diminution de l\u2019ouverture buccale. Cette cons\u00e9quence peut \u00eatre contraignante pour des soins dentaires.<br \/>Le Boxyllo peut rem\u00e9dier \u00e0 ce d\u00e9sagr\u00e9ment tant pour le patient que le th\u00e9rapeute.<br \/>En \u00e9tirant l\u2019articulation sans risque de luxation, il est plus facile de prodiguer des soins dans de meilleures conditions.<\/p>\t\t\t\t\t\t\t\t<\/div>\n\t\t\t\t<\/div>\n\t\t\t\t<\/div>\n\t\t\t\t\t<\/div>\n\t\t\t\t<\/div>\n\t\t<div class=\"elementor-element elementor-element-548a186 e-flex e-con-boxed e-con e-parent\" data-id=\"548a186\" data-element_type=\"container\" data-e-type=\"container\">\n\t\t\t\t\t<div class=\"e-con-inner\">\n\t\t<div class=\"elementor-element elementor-element-1a0a1b5 e-con-full e-flex e-con e-child\" data-id=\"1a0a1b5\" data-element_type=\"container\" data-e-type=\"container\">\n\t\t\t\t<div class=\"elementor-element elementor-element-a347378 elementor-widget elementor-widget-text-editor\" data-id=\"a347378\" data-element_type=\"widget\" data-e-type=\"widget\" data-widget_type=\"text-editor.default\">\n\t\t\t\t<div class=\"elementor-widget-container\">\n\t\t\t\t\t\t\t\t\t<p>Quels b\u00e9n\u00e9fices offre le Boxyllo\u00ae ?<\/p>\t\t\t\t\t\t\t\t<\/div>\n\t\t\t\t<\/div>\n\t\t\t\t<\/div>\n\t\t<div class=\"elementor-element elementor-element-2e1ac72 e-con-full e-flex e-con e-child\" data-id=\"2e1ac72\" data-element_type=\"container\" data-e-type=\"container\">\n\t\t\t\t<div class=\"elementor-element elementor-element-4aaa518 elementor-widget elementor-widget-text-editor\" data-id=\"4aaa518\" data-element_type=\"widget\" data-e-type=\"widget\" data-widget_type=\"text-editor.default\">\n\t\t\t\t<div class=\"elementor-widget-container\">\n\t\t\t\t\t\t\t\t\t<\/br><p>Outre le fait d\u2019offrir une m\u00e9thode douce de traitement, Boxyllo permet de rencontrer le souci d\u2019amoindrir les co\u00fbts pour la s\u00e9curit\u00e9 sociale et de responsabiliser le patient durant le traitement.\nLe cube rend le patient autonome apr\u00e8s sa r\u00e9\u00e9ducation maxillo-faciale.<\/p>\n\n<p><i>Pourquoi et comment Boxyllo permet-il un \u00e9tirement sans risque ?<\/i><\/p>\n\n<p>En introduisant une partie du mousse, la m\u00e2choire se positionne naturellement en rotation et non en propulsion.<\/br> Le reste du mousse, qui est \u00e0 l\u2019ext\u00e9rieur de la bouche, permet une pression douce sur le menton vers l\u2019arri\u00e8re.<\/br>\nDe cette mani\u00e8re, nous obtenons un \u00e9tirement en rotation sans risque de luxation condylienne.<\/p>\t\t\t\t\t\t\t\t<\/div>\n\t\t\t\t<\/div>\n\t\t\t\t<\/div>\n\t\t\t\t\t<\/div>\n\t\t\t\t<\/div>\n\t\t<div class=\"elementor-element elementor-element-526be54 e-flex e-con-boxed e-con e-parent\" data-id=\"526be54\" data-element_type=\"container\" data-e-type=\"container\">\n\t\t\t\t\t<div class=\"e-con-inner\">\n\t\t<div class=\"elementor-element elementor-element-059fc84 e-con-full e-flex e-con e-child\" data-id=\"059fc84\" data-element_type=\"container\" data-e-type=\"container\">\n\t\t\t\t<div class=\"elementor-element elementor-element-a6db43e elementor-widget elementor-widget-text-editor\" data-id=\"a6db43e\" data-element_type=\"widget\" data-e-type=\"widget\" data-widget_type=\"text-editor.default\">\n\t\t\t\t<div class=\"elementor-widget-container\">\n\t\t\t\t\t\t\t\t\t<p>Le Boxyllo\u00ae fait-il concurrence \u00e0 d&rsquo;autres traitements m\u00e9dicaux ?<\/p>\t\t\t\t\t\t\t\t<\/div>\n\t\t\t\t<\/div>\n\t\t\t\t<\/div>\n\t\t<div class=\"elementor-element elementor-element-11df556 e-con-full e-flex e-con e-child\" data-id=\"11df556\" data-element_type=\"container\" data-e-type=\"container\">\n\t\t\t\t<div class=\"elementor-element elementor-element-69516db elementor-widget elementor-widget-text-editor\" data-id=\"69516db\" data-element_type=\"widget\" data-e-type=\"widget\" data-widget_type=\"text-editor.default\">\n\t\t\t\t<div class=\"elementor-widget-container\">\n\t\t\t\t\t\t\t\t\t<\/br><p>Parall\u00e8lement \u00e0 une r\u00e9\u00e9ducation, le Boxyllo procure un apaisement.<\/p>\n\n<p>Il peut \u00eatre utilis\u00e9 avant, pendant ou apr\u00e8s une prise en charge.<\/p>\n<p>Gr\u00e2ce \u00e0 votre travail, \u00e0 celui du ou de la kin\u00e9sith\u00e9rapeute et \u00e0 Boxyllo, vous pouvez offrir un soulagement direct \u00e0 vos patients.<\/p>\n\n<p>Il s\u2019agit d\u2019un compl\u00e9ment utile au traitement de pathologies d\u00e9crites ci-dessus.<\/p>\t\t\t\t\t\t\t\t<\/div>\n\t\t\t\t<\/div>\n\t\t\t\t<\/div>\n\t\t\t\t\t<\/div>\n\t\t\t\t<\/div>\n\t\t<div class=\"elementor-element elementor-element-58d087e e-flex e-con-boxed e-con e-parent\" data-id=\"58d087e\" data-element_type=\"container\" data-e-type=\"container\" data-settings=\"{&quot;background_background&quot;:&quot;gradient&quot;}\">\n\t\t\t\t\t<div class=\"e-con-inner\">\n\t\t<div class=\"elementor-element elementor-element-9436ae9 e-con-full e-flex e-con e-child\" data-id=\"9436ae9\" data-element_type=\"container\" data-e-type=\"container\">\n\t\t\t\t<div class=\"elementor-element elementor-element-c4d3f61 elementor-widget elementor-widget-text-editor\" data-id=\"c4d3f61\" data-element_type=\"widget\" data-e-type=\"widget\" data-widget_type=\"text-editor.default\">\n\t\t\t\t<div class=\"elementor-widget-container\">\n\t\t\t\t\t\t\t\t\t<p>Je souhaite des informations compl\u00e9mentaires<\/p>\t\t\t\t\t\t\t\t<\/div>\n\t\t\t\t<\/div>\n\t\t\t\t<\/div>\n\t\t<div class=\"elementor-element elementor-element-adc081f e-con-full e-flex e-con e-child\" data-id=\"adc081f\" data-element_type=\"container\" data-e-type=\"container\">\n\t\t\t\t<div class=\"elementor-element elementor-element-f3581db elementor-button-align-end elementor-widget elementor-widget-form\" data-id=\"f3581db\" data-element_type=\"widget\" data-e-type=\"widget\" data-settings=\"{&quot;step_next_label&quot;:&quot;Suivant&quot;,&quot;step_previous_label&quot;:&quot;Pr\\u00e9c\\u00e9dent&quot;,&quot;button_width&quot;:&quot;100&quot;,&quot;step_type&quot;:&quot;number_text&quot;,&quot;step_icon_shape&quot;:&quot;circle&quot;}\" data-widget_type=\"form.default\">\n\t\t\t\t<div class=\"elementor-widget-container\">\n\t\t\t\t\t\t\t<form class=\"elementor-form\" method=\"post\" name=\"Contact professionnel\" aria-label=\"Contact professionnel\">\n\t\t\t<input type=\"hidden\" name=\"post_id\" value=\"737\"\/>\n\t\t\t<input type=\"hidden\" name=\"form_id\" value=\"f3581db\"\/>\n\t\t\t<input type=\"hidden\" name=\"referer_title\" value=\"Professionnels - Boxyllo\" \/>\n\n\t\t\t\t\t\t\t<input type=\"hidden\" name=\"queried_id\" value=\"737\"\/>\n\t\t\t\n\t\t\t<div class=\"elementor-form-fields-wrapper elementor-labels-\">\n\t\t\t\t\t\t\t\t<div class=\"elementor-field-type-text elementor-field-group elementor-column elementor-field-group-name elementor-col-50 elementor-field-required\">\n\t\t\t\t\t\t\t\t\t\t\t\t<label for=\"form-field-name\" class=\"elementor-field-label elementor-screen-only\">\n\t\t\t\t\t\t\t\tNom\t\t\t\t\t\t\t<\/label>\n\t\t\t\t\t\t\t\t\t\t\t\t\t\t<input size=\"1\" type=\"text\" name=\"form_fields[name]\" id=\"form-field-name\" class=\"elementor-field elementor-size-xs  elementor-field-textual\" placeholder=\"Nom\" required=\"required\">\n\t\t\t\t\t\t\t\t\t\t\t<\/div>\n\t\t\t\t\t\t\t\t<div class=\"elementor-field-type-email elementor-field-group elementor-column elementor-field-group-email elementor-col-50 elementor-field-required\">\n\t\t\t\t\t\t\t\t\t\t\t\t<label for=\"form-field-email\" class=\"elementor-field-label elementor-screen-only\">\n\t\t\t\t\t\t\t\tE-mail\t\t\t\t\t\t\t<\/label>\n\t\t\t\t\t\t\t\t\t\t\t\t\t\t<input size=\"1\" type=\"email\" name=\"form_fields[email]\" id=\"form-field-email\" class=\"elementor-field elementor-size-xs  elementor-field-textual\" placeholder=\"E-mail\" required=\"required\">\n\t\t\t\t\t\t\t\t\t\t\t<\/div>\n\t\t\t\t\t\t\t\t<div class=\"elementor-field-type-textarea elementor-field-group elementor-column elementor-field-group-message elementor-col-100 elementor-field-required\">\n\t\t\t\t\t\t\t\t\t\t\t\t<label for=\"form-field-message\" class=\"elementor-field-label elementor-screen-only\">\n\t\t\t\t\t\t\t\tMessage\t\t\t\t\t\t\t<\/label>\n\t\t\t\t\t\t<textarea class=\"elementor-field-textual elementor-field  elementor-size-xs\" name=\"form_fields[message]\" id=\"form-field-message\" rows=\"4\" placeholder=\"Message\" required=\"required\"><\/textarea>\t\t\t\t<\/div>\n\t\t\t\t\t\t\t\t<div class=\"elementor-field-type-recaptcha_v3 elementor-field-group elementor-column elementor-field-group-field_ca2703c elementor-col-100 recaptcha_v3-bottomright\">\n\t\t\t\t\t<div class=\"elementor-field\" id=\"form-field-field_ca2703c\"><div class=\"elementor-g-recaptcha\" data-sitekey=\"6LeFdA0qAAAAACYqIROjZDDFC_x9tLzmnnY5s9KW\" data-type=\"v3\" data-action=\"Form\" data-badge=\"bottomright\" data-size=\"invisible\"><\/div><\/div>\t\t\t\t<\/div>\n\t\t\t\t\t\t\t\t<div class=\"elementor-field-group elementor-column elementor-field-type-submit elementor-col-100 e-form__buttons\">\n\t\t\t\t\t<button class=\"elementor-button elementor-size-md\" type=\"submit\">\n\t\t\t\t\t\t<span class=\"elementor-button-content-wrapper\">\n\t\t\t\t\t\t\t\t\t\t\t\t\t\t\t\t\t\t\t\t\t\t<span class=\"elementor-button-text\">Envoyer<\/span>\n\t\t\t\t\t\t\t\t\t\t\t\t\t<\/span>\n\t\t\t\t\t<\/button>\n\t\t\t\t<\/div>\n\t\t\t<\/div>\n\t\t<\/form>\n\t\t\t\t\t\t<\/div>\n\t\t\t\t<\/div>\n\t\t\t\t<\/div>\n\t\t\t\t\t<\/div>\n\t\t\t\t<\/div>\n\t\t<div class=\"elementor-element elementor-element-dae7ee9 e-flex e-con-boxed e-con e-parent\" data-id=\"dae7ee9\" data-element_type=\"container\" data-e-type=\"container\" data-settings=\"{&quot;background_background&quot;:&quot;classic&quot;}\">\n\t\t\t\t\t<div class=\"e-con-inner\">\n\t\t<div class=\"elementor-element elementor-element-05730f3 e-con-full e-flex e-con e-child\" data-id=\"05730f3\" data-element_type=\"container\" data-e-type=\"container\">\n\t\t\t\t<div class=\"elementor-element elementor-element-88ca66a elementor-widget elementor-widget-text-editor\" data-id=\"88ca66a\" data-element_type=\"widget\" data-e-type=\"widget\" data-widget_type=\"text-editor.default\">\n\t\t\t\t<div class=\"elementor-widget-container\">\n\t\t\t\t\t\t\t\t\t<p>Je souhaite un rendez-vous<\/p>\t\t\t\t\t\t\t\t<\/div>\n\t\t\t\t<\/div>\n\t\t\t\t<\/div>\n\t\t<div class=\"elementor-element elementor-element-62ec3fd e-con-full e-flex e-con e-child\" data-id=\"62ec3fd\" data-element_type=\"container\" data-e-type=\"container\">\n\t\t\t\t<div class=\"elementor-element elementor-element-674acd1 elementor-button-align-end elementor-widget elementor-widget-form\" data-id=\"674acd1\" data-element_type=\"widget\" data-e-type=\"widget\" data-settings=\"{&quot;step_next_label&quot;:&quot;Suivant&quot;,&quot;step_previous_label&quot;:&quot;Pr\\u00e9c\\u00e9dent&quot;,&quot;button_width&quot;:&quot;100&quot;,&quot;step_type&quot;:&quot;number_text&quot;,&quot;step_icon_shape&quot;:&quot;circle&quot;}\" data-widget_type=\"form.default\">\n\t\t\t\t<div class=\"elementor-widget-container\">\n\t\t\t\t\t\t\t<form class=\"elementor-form\" method=\"post\" name=\"Contact professionnel\" aria-label=\"Contact professionnel\">\n\t\t\t<input type=\"hidden\" name=\"post_id\" value=\"737\"\/>\n\t\t\t<input type=\"hidden\" name=\"form_id\" value=\"674acd1\"\/>\n\t\t\t<input type=\"hidden\" name=\"referer_title\" value=\"Professionnels - Boxyllo\" \/>\n\n\t\t\t\t\t\t\t<input type=\"hidden\" name=\"queried_id\" value=\"737\"\/>\n\t\t\t\n\t\t\t<div class=\"elementor-form-fields-wrapper elementor-labels-\">\n\t\t\t\t\t\t\t\t<div class=\"elementor-field-type-text elementor-field-group elementor-column elementor-field-group-name elementor-col-50 elementor-field-required\">\n\t\t\t\t\t\t\t\t\t\t\t\t<label for=\"form-field-name\" class=\"elementor-field-label elementor-screen-only\">\n\t\t\t\t\t\t\t\tNom\t\t\t\t\t\t\t<\/label>\n\t\t\t\t\t\t\t\t\t\t\t\t\t\t<input size=\"1\" type=\"text\" name=\"form_fields[name]\" id=\"form-field-name\" class=\"elementor-field elementor-size-xs  elementor-field-textual\" placeholder=\"Nom\" required=\"required\">\n\t\t\t\t\t\t\t\t\t\t\t<\/div>\n\t\t\t\t\t\t\t\t<div class=\"elementor-field-type-email elementor-field-group elementor-column elementor-field-group-email elementor-col-50 elementor-field-required\">\n\t\t\t\t\t\t\t\t\t\t\t\t<label for=\"form-field-email\" class=\"elementor-field-label elementor-screen-only\">\n\t\t\t\t\t\t\t\tE-mail\t\t\t\t\t\t\t<\/label>\n\t\t\t\t\t\t\t\t\t\t\t\t\t\t<input size=\"1\" type=\"email\" name=\"form_fields[email]\" id=\"form-field-email\" class=\"elementor-field elementor-size-xs  elementor-field-textual\" placeholder=\"E-mail\" required=\"required\">\n\t\t\t\t\t\t\t\t\t\t\t<\/div>\n\t\t\t\t\t\t\t\t<div class=\"elementor-field-type-tel elementor-field-group elementor-column elementor-field-group-field_1ad4ecb elementor-col-50\">\n\t\t\t\t\t\t\t\t\t\t\t\t<label for=\"form-field-field_1ad4ecb\" class=\"elementor-field-label elementor-screen-only\">\n\t\t\t\t\t\t\t\tT\u00e9l\u00e9phone\t\t\t\t\t\t\t<\/label>\n\t\t\t\t\t\t\t\t<input size=\"1\" type=\"tel\" name=\"form_fields[field_1ad4ecb]\" id=\"form-field-field_1ad4ecb\" class=\"elementor-field elementor-size-xs  elementor-field-textual\" placeholder=\"T\u00e9l\u00e9phone\" pattern=\"[0-9()#&amp;+*-=.]+\" title=\"Seuls les caract\u00e8res de num\u00e9ros de t\u00e9l\u00e9phone (#, -, *, etc.) sont accept\u00e9s.\">\n\n\t\t\t\t\t\t<\/div>\n\t\t\t\t\t\t\t\t<div class=\"elementor-field-type-checkbox elementor-field-group elementor-column elementor-field-group-field_8b1f3db elementor-col-50\">\n\t\t\t\t\t\t\t\t\t\t\t\t<label for=\"form-field-field_8b1f3db\" class=\"elementor-field-label elementor-screen-only\">\n\t\t\t\t\t\t\t\tA mon cabinet\t\t\t\t\t\t\t<\/label>\n\t\t\t\t\t\t<div class=\"elementor-field-subgroup  \"><span class=\"elementor-field-option\"><input type=\"checkbox\" value=\"A mon cabinet ou \u00e0 mon domicile\" id=\"form-field-field_8b1f3db-0\" name=\"form_fields[field_8b1f3db]\"> <label for=\"form-field-field_8b1f3db-0\">A mon cabinet ou \u00e0 mon domicile<\/label><\/span><\/div>\t\t\t\t<\/div>\n\t\t\t\t\t\t\t\t<div class=\"elementor-field-type-textarea elementor-field-group elementor-column elementor-field-group-message elementor-col-100 elementor-field-required\">\n\t\t\t\t\t\t\t\t\t\t\t\t<label for=\"form-field-message\" class=\"elementor-field-label elementor-screen-only\">\n\t\t\t\t\t\t\t\tMessage\t\t\t\t\t\t\t<\/label>\n\t\t\t\t\t\t<textarea class=\"elementor-field-textual elementor-field  elementor-size-xs\" name=\"form_fields[message]\" id=\"form-field-message\" rows=\"4\" placeholder=\"Message\" required=\"required\"><\/textarea>\t\t\t\t<\/div>\n\t\t\t\t\t\t\t\t<div class=\"elementor-field-type-recaptcha_v3 elementor-field-group elementor-column elementor-field-group-field_9e23860 elementor-col-100 recaptcha_v3-bottomright\">\n\t\t\t\t\t<div class=\"elementor-field\" id=\"form-field-field_9e23860\"><div class=\"elementor-g-recaptcha\" data-sitekey=\"6LeFdA0qAAAAACYqIROjZDDFC_x9tLzmnnY5s9KW\" data-type=\"v3\" data-action=\"Form\" data-badge=\"bottomright\" data-size=\"invisible\"><\/div><\/div>\t\t\t\t<\/div>\n\t\t\t\t\t\t\t\t<div class=\"elementor-field-group elementor-column elementor-field-type-submit elementor-col-100 e-form__buttons\">\n\t\t\t\t\t<button class=\"elementor-button elementor-size-md\" type=\"submit\">\n\t\t\t\t\t\t<span class=\"elementor-button-content-wrapper\">\n\t\t\t\t\t\t\t\t\t\t\t\t\t\t\t\t\t\t\t\t\t\t<span class=\"elementor-button-text\">Envoyer<\/span>\n\t\t\t\t\t\t\t\t\t\t\t\t\t<\/span>\n\t\t\t\t\t<\/button>\n\t\t\t\t<\/div>\n\t\t\t<\/div>\n\t\t<\/form>\n\t\t\t\t\t\t<\/div>\n\t\t\t\t<\/div>\n\t\t\t\t<\/div>\n\t\t\t\t\t<\/div>\n\t\t\t\t<\/div>\n\t\t\t\t<\/div>\n\t\t","protected":false},"excerpt":{"rendered":"<p>Boxyllo\u00aePour les professionnels de la sant\u00e9 Quels probl\u00e8mes ciblons-nous ? Lors de vos consultations, les patients se plaignent de douleurs dentaires, oculaires, de c\u00e9phal\u00e9es, de tensions, de claquements au niveau de la m\u00e2choire\u2026 Les douleurs sont rarement identifi\u00e9es comme provenant de l\u2019articulation temporo-mandibulaire (ATM). Les patients sont g\u00e9n\u00e9ralement nerveux, \u00e9puis\u00e9s par la douleur et ils [&hellip;]<\/p>\n","protected":false},"author":1,"featured_media":0,"parent":0,"menu_order":0,"comment_status":"closed","ping_status":"closed","template":"","meta":{"om_disable_all_campaigns":false,"_exactmetrics_skip_tracking":false,"_exactmetrics_sitenote_active":false,"_exactmetrics_sitenote_note":"","_exactmetrics_sitenote_category":0,"_uf_show_specific_survey":0,"_uf_disable_surveys":false,"footnotes":""},"class_list":["post-737","page","type-page","status-publish","hentry"],"aioseo_notices":[],"_links":{"self":[{"href":"https:\/\/www.boxyllo.be\/index.php\/wp-json\/wp\/v2\/pages\/737","targetHints":{"allow":["GET"]}}],"collection":[{"href":"https:\/\/www.boxyllo.be\/index.php\/wp-json\/wp\/v2\/pages"}],"about":[{"href":"https:\/\/www.boxyllo.be\/index.php\/wp-json\/wp\/v2\/types\/page"}],"author":[{"embeddable":true,"href":"https:\/\/www.boxyllo.be\/index.php\/wp-json\/wp\/v2\/users\/1"}],"replies":[{"embeddable":true,"href":"https:\/\/www.boxyllo.be\/index.php\/wp-json\/wp\/v2\/comments?post=737"}],"version-history":[{"count":169,"href":"https:\/\/www.boxyllo.be\/index.php\/wp-json\/wp\/v2\/pages\/737\/revisions"}],"predecessor-version":[{"id":1854,"href":"https:\/\/www.boxyllo.be\/index.php\/wp-json\/wp\/v2\/pages\/737\/revisions\/1854"}],"wp:attachment":[{"href":"https:\/\/www.boxyllo.be\/index.php\/wp-json\/wp\/v2\/media?parent=737"}],"curies":[{"name":"wp","href":"https:\/\/api.w.org\/{rel}","templated":true}]}}